221 composite?
True
Is 32603 a prime number?
True
Is 1617433 composite?
False
Is 3221 prime?
True
Is 9083 a prime number?
False
Is 1733 a composite number?
False
Is 67739 a composite number?
True
Is 111317 composite?
False
Is 123302 a prime number?
False
Is 1357 a composite number?
True
Is 2315155 a composite number?
True
Is 660509 a prime number?
True
Is 40295 composite?
True
Is 103313 composite?
True
Is 85282 a composite number?
True
Is 72587 a prime number?
False
Is 358723 a composite number?
False
Is 13247 a prime number?
False
Is 327803 prime?
False
Is 218453 composite?
False
Is 609077 prime?
False
Is 113327 a prime number?
True
Is 122063 a composite number?
True
Is 53479 a prime number?
True
Is 268757 prime?
True
Is 280241 composite?
True
Is 20467 a composite number?
True
Is 254165 a prime number?
False
Is 595862 a prime number?
False
Is 2333 a composite number?
False
Is 21719 composite?
True
Is 730263 composite?
True
Is 536397 a prime number?
False
Is 272717 prime?
True
Is 3521 a composite number?
True
Is 479735 prime?
False
Is 265313 a composite number?
False
Is 218 composite?
True
Is 62347 composite?
False
Is 183679 a prime number?
False
Is 32093 a prime number?
False
Is 121519 composite?
True
Is 9199 composite?
False
Is 781205 composite?
True
Is 137533 a prime number?
False
Is 64795 a prime number?
False
Is 3179929 a prime number?
False
Is 395443 composite?
False
Is 7277 a prime number?
False
Is 1513873 a prime number?
False
Is 9527 a composite number?
True
Is 39713 prime?
False
Is 31957 a composite number?
False
Is 1143749 a prime number?
True
Is 21469 prime?
False
Is 64331 a prime number?
False
Is 1110583 a composite number?
False
Is 612757 a prime number?
False
Is 677 a composite number?
False
Is 418739 prime?
True
Is 1243 prime?
False
Is 3787 composite?
True
Is 135887 composite?
False
Is 6341 prime?
False
Is 266333 a composite number?
False
Is 5981 a composite number?
False
Is 12113 composite?
False
Is 3511 a prime number?
True
Is 7481 prime?
True
Is 39946 composite?
True
Is 142739 a composite number?
True
Is 1117 prime?
True
Is 3787 a composite number?
True
Is 96623 a prime number?
False
Is 8843 a prime number?
False
Is 26731 a composite number?
False
Is 6913 prime?
False
Is 21005 a composite number?
True
Is 3761 composite?
False
Is 622493 prime?
True
Is 392039 composite?
True
Is 25601 composite?
False
Is 1724026 composite?
True
Is 6677 a composite number?
True
Is 247 prime?
False
Is 1147 composite?
True
Is 21959 prime?
False
Is 1363 a prime number?
False
Is 242659 prime?
True
Is 314569 a prime number?
True
Is 10427 prime?
True
Is 1361 composite?
False
Is 5261 a composite number?
False
Is 38407 prime?
False
Is 109267 prime?
True
Is 63671 prime?
True
Is 97987 a composite number?
False
Is 560311 a composite number?
False
Is 10307 prime?
False
Is 296909 a composite number?
False
Is 1123171 a composite number?
True
Is 1637 a composite number?
False
Is 133 composite?
True
Is 99469 a composite number?
False
Is 8639 prime?
False
Is 449093 composite?
False
Is 522749 a prime number?
True
Is 51767 prime?
True
Is 115301 prime?
True
Is 4919 composite?
False
Is 196491 a prime number?
False
Is 16439 a prime number?
False
Is 11359 composite?
True
Is 11589 composite?
True
Is 13093 composite?
False
Is 119653 a composite number?
False
Is 87383 prime?
True
Is 900137 composite?
True
Is 4751 composite?
False
Is 9901 composite?
False
Is 82213 a prime number?
False
Is 51109 composite?
False
Is 33911 composite?
False
Is 3037 composite?
False
Is 47581 composite?
False
Is 1163 prime?
True
Is 84047 composite?
False
Is 21419 prime?
True
Is 62273 composite?
False
Is 20431 prime?
True
Is 62 a prime number?
False
Is 86491 a composite number?
False
Is 142473 a prime number?
False
Is 731887 composite?
True
Is 7103 composite?
False
Is 11249 a prime number?
False
Is 40423 a composite number?
False
Is 128965 composite?
True
Is 433309 a composite number?
False
Is 1842173 composite?
False
Is 2537 a prime number?
False
Is 7745 prime?
False
Is 3163 a composite number?
False
Is 89409 a composite number?
True
Is 14233 a prime number?
False
Is 264211 prime?
True
Is 1233779 a prime number?
True
Is 1179355 composite?
True
Is 6998 a composite number?
True
Is 708931 composite?
True
Is 46301 a composite number?
False
Is 760423 prime?
True
Is 48647 prime?
True
Is 24221 prime?
False
Is 19115 composite?
True
Is 599681 composite?
False
Is 149 a composite number?
False
Is 903419 a prime number?
False
Is 691 composite?
False
Is 275689 a composite number?
True
Is 57 prime?
False
Is 4247 a composite number?
True
Is 234259 composite?
False
Is 60961 composite?
False
Is 32107 composite?
True
Is 38957 a prime number?
False
Is 347161 a prime number?
True
Is 1909 a prime number?
False
Is 24527 a prime number?
True
Is 9413 prime?
True
Is 9655 a prime number?
False
Is 1785601 a composite number?
True
Is 10801 a prime number?
False
Is 96087 composite?
True
Is 218451 prime?
False
Is 22147 composite?
False
Is 24151 a composite number?
False
Is 21259 a prime number?
False
Is 3599803 prime?
False
Is 375629 a prime number?
False
Is 1333357 prime?
True
Is 5800919 composite?
False
Is 16307 a prime number?
False
Is 121549 prime?
False
Is 254051 composite?
True
Is 78367 prime?
True
Is 943 prime?
False
Is 10357 a prime number?
True
Is 77137 a prime number?
True
Is 3977 a composite number?
True
Is 240551 prime?
True
Is 454339 composite?
True
Is 150473 composite?
False
Is 58817 composite?
True
Is 112061 a prime number?
True
Is 1591 a composite number?
True
Is 93287 prime?
True
Is 194963 composite?
False
Is 3833 a prime number?
True
Is 8189 a prime number?
False
Is 93 a prime number?
False
Is 8986 a composite number?
True
Is 552379 prime?
True
Is 19529 prime?
False
Is 50441 a prime number?
True
Is 317 prime?
True
Is 3031 a prime number?
False
Is 543719 a prime number?
False
Is 160253 a composite number?
False
Is 107557 prime?
False
Is 147073 composite?
False
Is 5591 prime?
True
Is 1475867 composite?
True
Is 372689 a prime number?
True
Is 741973 prime?
True
Is 1097791 composite?
False
Is 27349 prime?
False
Is 129565 a prime number?
False
Is 127799 composite?
True
Is 3389 a prime number?
True
Is 1633 a composite number?
True
Is 35891 prime?
False
Is 5261 a prime number?
True
Is 14719 prime?
False
Is 12991 a composite number?
True
Is 233633 a composite number?
True
Is 1179493 a composite number?
True
Is 792551 a composite number?
False
Is 399937 prime?
True
Is 29195 a prime number?
False
Is 11969 a prime number?
True
Is 4342645 composite?
True
Is 288843 a composite number?
True
Is 48631 a prime number?
False
Is 19883 a composite number?
True
Is 169181 prime?
True
Is 4201 prime?
True
Is 122663 prime?
True
Is 254537 a prime number?
True
Is 306271 a composite number?
True
Is 896627 a composite number?
True
Is 558133 a composite number?
True
Is 419066 a composite number?
True
Is 107999 prime?
True
Is 5147 prime?
True
Is 384994 a prime number?
False
Is 102731 prime?
False
Is 940691 prime?
True
Is 154571 a prime number?
True
Is 26141 composite?
False
Is 3181 composite?
False
Is 11623 composite?
True
Is 278009 a composite number?
True
Is 3185867 prime?
True
Is 210271 composite?
True
Is 508363 prime?
True
Is 769 a composite number?
False
Is 24841 composite?
False
Is 24263 a prime number?
False
Is 8353 composite?
False
Is 30329 a composite number?
True
Is 12589 composite?
False
Is 13643 prime?
False
Is 2878871 a prime number?
False
Is 34991 composite?
True
Is 883661 composite?
False
Is 1071299 prime?
False
Is 14281 a prime number?
True
Is 69899 a prime number?
True
Is 275467 composite?
True
Is 84787 a composite number?
False
Is 76213 a prime number?
True
Is 7507 a prime number?
True
Is 2483 prime?
False
Is 12941 a prime number?
True
Is 22889 composite?
True
Is 8563 a prime number?
True
Is 38543 a prime number?
True
Is 106501 a prime number?
True
Is 183871 prime?
True
Is 11387 composite?
True
Is 10823 prime?
False
Is 41771 composite?
False
Is 26309 a composite number?
False
Is 5731 prime?
False
Is 580889 composite?
False
Is 48973 composite?
False
Is 606829 prime?
True
Is 113461 a composite number?
True
Is 635399 composite?
True
Is 2452071 a composite number?
True
Is 153707 a prime number?
False
Is 18023 composite